 1. Let m be y(1). Let g = c + m. What is the units digit of g?
8
Let b(i) = 49*i**3 + 3*i**2 - 13*i + 8. What is the units digit of b(3)?
9
Let p(i) = 1 - 45*i**2 + i**3 - 2*i**3 + 42*i**2. Let j be ((-12)/(-9))/((-2)/6). What is the units digit of p(j)?
7
What is the hundreds digit of 5 + 13/(39/1575)?
5
Suppose -a = 3*a - 16. Suppose -4*f = 3*g - a*g + 109, -2*g = -10. What is the tens digit of 14/91 - 724/f?
2
Suppose 3374 = -25*z + 30249. What is the hundreds digit of z?
0
What is the units digit of ((-630)/54)/((-2)/6)?
5
Suppose 4 = 3*f + 5*v - 20, 3 = -4*f + 5*v. Suppose -i - f*i = -28. Let b = 43 - i. What is the tens digit of b?
3
What is the hundreds digit of 8/2 + (-3 + -2 - -520)?
5
Suppose -2*q - 632 = -2*b - 236, -5*q = 20. What is the units digit of b?
4
What is the tens digit of 742*((-4)/(-4) - (-2)/2)?
8
Suppose -16*a + 100274 - 32306 = 0. What is the tens digit of a?
4
Let k be 7/(28/(-32)) - -4. Let d be 2 - -5*k/4. What is the units digit of -4*d/(1 + 2)?
4
Suppose -18 = b - 10*b. What is the units digit of b?
2
Suppose 4*l = -69 + 77. Suppose 3*p + 962 = 5*q, q = l*q - 5*p - 210. What is the hundreds digit of q?
1
Let a be (-1 - 164/(-12))*-6. Let z = a + 190. What is the hundreds digit of z?
1
Suppose 29149 + 1118 = 59*n. What is the units digit of n?
3
Let u = 62 + -125. Let x be (-1 - u)/(1 - -1). Let f = 35 - x. What is the units digit of f?
4
Let j(w) = w**2 + 11*w - 8. Let y = 7 + -18. Let h be j(y). What is the units digit of 15/(-20) + (-22)/h?
2
Suppose -14 = -3*v - 26. What is the tens digit of 11/((-22)/764)*2/v?
9
Let h(k) = 6*k - 7. Let p be h(-7). Suppose -35 - 82 = 9*x. Let i = x - p. What is the units digit of i?
6
Let t(c) = 3*c - 17. Let k be t(7). Suppose -14 = 5*a + 11, k*l = -a - 1. What is the units digit of l?
1
Let p(d) = 6*d**2 + 4*d - 4. Let z = -10 - -11. Suppose -o = -2 - z. What is the units digit of p(o)?
2
Let m(v) = v**2 + 20*v + 53. Let d be m(-17). Suppose x - 114 = -3*f, d*f + f = x - 90. What is the tens digit of x?
0
Let d(m) = -2*m**3 - 2*m**2 + 4. Let n be d(2). Let a(u) = -4*u - 7. What is the units digit of a(n)?
3
Let s(m) = -m**3 - 4*m**2 + m - 3. Let w be s(3). Let j(y) = -y**3 + 2*y**2 - 2*y - 119. Let b be j(0). Let n = w - b. What is the units digit of n?
6
Let g(q) = -2*q**2 - 60*q - 17. What is the units digit of g(-21)?
1
Let c = 2873 + -912. What is the tens digit of c?
6
Let f be (-20)/(-6)*30/20. Let w(y) be the second derivative of y**3/2 + 2*y**2 - 2*y. What is the tens digit of w(f)?
1
Suppose 4*o = 5*z + 166, 5*z - 3*z + 3*o = -71. Let x = z + 65. What is the tens digit of x?
3
Let d(x) = x**2 + 7*x + 4. Let f be d(-6). What is the units digit of ((-99)/f + 0)/(4/8)?
9
Suppose -132 + 148 = -4*h. Let r(d) = -3*d - 7*d + 6 + 2. What is the tens digit of r(h)?
4
Suppose 3*m - 812 = 133. Suppose -2*q = -5*t - 155, -3*q = -8*q - 2*t + m. Suppose -j - 5*p = 10, -3*j + 4*p + q = -0*p. What is the tens digit of j?
1
Let p be (27/(-6) - -2)*6. What is the units digit of 6 - -2*p/6?
1
Suppose -338 = -5*l + 2*w + 10, -4*l - 2*w + 264 = 0. What is the tens digit of l?
6
Let b(h) = 8*h**2 + 9*h - 27. What is the units digit of b(6)?
5
Let m(v) = -22*v - 82. What is the units digit of m(-46)?
0
Suppose 3*t = -0*t + 15. Let i = t - 4. Suppose 4*f - 97 + i = 0. What is the units digit of f?
4
What is the units digit of 560/(-42)*(-210)/8?
0
Let c be 1/(12/(-16)*4/6). What is the tens digit of -4 + 8 - (-48 - c)?
5
Let l(r) = r**3 - 3*r**2 - 3*r + 1. Suppose -14 - 2 = -4*j. Let k be l(j). Suppose 2*z = k*q + 55, -z = -4*q - 19 - 1. What is the tens digit of z?
4
What is the tens digit of 274 + (-48)/(-12) + (-1 - -7)?
8
Let x(o) = -2*o - 14. Let n be x(-7). Let c = 7 - n. What is the units digit of c?
7
Let m = -2 - -7. Suppose 5*p + 3*r + 5 = 13, -24 = -p + m*r. Suppose -p*c + 0*c + 76 = 0. What is the units digit of c?
9
Let n(a) = -3*a + 35. Suppose 20*v - 15 = 15*v. Suppose w - 2 = -v*i + 1, 4 = 2*w + 4*i. What is the units digit of n(w)?
5
Let l = 41 - 41. Let c(r) = r**3 + 2*r**2 - 2*r. Let b be c(-2). Suppose -b*u + 2*u + 30 = l. What is the units digit of u?
5
Let m(t) = t**3 - 6*t**2 + 6*t - 2. Let v = 1 - -4. Let z be m(v). Suppose -z*a + 41 = j - 2*j, -a = -5*j - 37. What is the units digit of a?
2
Let i(o) = 2*o**2 - 4. Let t be i(2). Let x = 40 + t. What is the units digit of x?
4
Suppose 0 = r + 2, 0*u + 2*u = 2*r + 128. Let c = u - 61. What is the units digit of c?
1
Let t be (-3678)/18 + (-2)/(-3)*-1. Let p = -122 - t. What is the units digit of p?
3
Suppose -5*x - 95*f = -93*f - 2411, 3*x = f + 1440. What is the units digit of x?
1
What is the thousands digit of 10*-236*-1 - -3?
2
Let f = -92 + 240. What is the tens digit of f?
4
Let d(w) = 9*w + 4. Let b(r) = 22*r + 10. Let q(a) = -5*b(a) + 12*d(a). Let y be q(-8). Suppose -5*f + 3*k = -81, -y + 2 = -4*k. What is the tens digit of f?
1
Let h = -11 + 13. Let v be 11/h + 3/(-6). Suppose v*r = 80 - 20. What is the units digit of r?
2
Let c = -70 + 18. What is the tens digit of 6/(-3) - (-1 + c) - 0?
5
Let x = 100 - 53. Suppose 4*g + x = 15. What is the units digit of (6/g)/((-6)/48)?
6
Let f = -1302 - -1973. What is the tens digit of f?
7
Let w = 216 - -761. What is the tens digit of w?
7
Let x = 63 - 39. Suppose 2*g - x = 62. Let l = g - 20. What is the units digit of l?
3
Suppose -12 = -4*f, -5*j + 5*f - 59 = 2*f. Let q be -3*(1 - j/(-6)). Suppose 17 = -q*t + 137. What is the tens digit of t?
6
Let v(w) = -74*w - 116. What is the tens digit of v(-2)?
3
Let z(n) = -85 + 99 + 0*n - n. What is the tens digit of z(-13)?
2
Let x(z) = 0*z**2 - 14 + 0*z**2 + z**2 - 2*z. What is the units digit of x(7)?
1
Suppose z = 2, -m + 176 = -5*z - 233. What is the hundreds digit of m?
4
Let d(u) be the second derivative of -u**5/20 + u**4 - 2*u**3/3 + 9*u**2/2 - 14*u. What is the units digit of d(11)?
6
Let j be -1 + 3 - 1 - -4. Let b = 26 - j. Let n = b + -11. What is the tens digit of n?
1
Suppose 14835 - 705 = 15*o. What is the tens digit of o?
4
Let z be 3/2 - (-7)/(-2). Let x be (-1)/(1 + z) - -1. Suppose -x*l - m = -0*m - 18, 2*l - 2*m = 30. What is the tens digit of l?
1
Suppose 1306 = 28*v - 1130. What is the units digit of v?
7
Let c(b) = 15*b**2 - 5*b. Let v(r) = 30*r**2 - 11*r + 1. Let p(l) = 5*c(l) - 2*v(l). What is the tens digit of p(-2)?
6
Suppose 4*c = 3*c + 1. Suppose 4*t - 2*v = 26, 4*t - 1 = -5*v + 4. Let g = c + t. What is the units digit of g?
6
Let o(d) = 20*d**2 + 12*d + 7. What is the units digit of o(-2)?
3
Let b(t) = t**2 + 8*t + 14. Let o be b(-6). Suppose o*s + 5 = 201. What is the tens digit of s?
9
Suppose -5*t + 240 = -0*t. Let r = -10 - 2. Let v = t + r. What is the units digit of v?
6
Let w(a) = -a**3 - a**2 + a. Let t(r) = -7*r**3 - 15*r**2 + 8*r + 12. Let f(s) = -t(s) + 6*w(s). What is the tens digit of f(-8)?
6
Let n = 16 - 15. Let f = 3 - n. Suppose 0 = -f*j + 8 + 42. What is the units digit of j?
5
Let w(u) = -u**3 - 8*u**2 - 7*u - 15. Let r = -60 - -52. What is the units digit of w(r)?
1
Suppose 24 = -0*c + 3*c. Let y(s) = s**3 - s + 2*s**2 + 3*s - 2 - 4*s**2 + c*s**2. What is the units digit of y(-2)?
0
Let y(q) be the first derivative of 7 - 1/3*q**3 + q - 6*q**2. What is the units digit of y(-9)?
8
Let m = 396 - 387. What is the units digit of m?
9
Let h(g) be the second derivative of -g**3/6 - 9*g**2/2 + 3*g. Let p be h(-12). Suppose 5*m - 7 - p = 0. What is the units digit of m?
2
Let v be (3 + -2)*1 - (-2 - -1). Suppose -v*w + 5*s + 281 = 0, -3*s = 4*w - 0*w - 549. What is the hundreds digit of w?
1
Suppose 0 = -100*a + 102*a - 50. Suppose -a = 14*u - 487. What is the tens digit of u?
3
Let h = -7 - -8. Suppose h + 7 = 4*i. What is the tens digit of (i - (6 + -3))*-23?
2
Suppose b - 4*b = 3*o - 798, 3*o = -5*b + 804. Suppose o = 4*r - 29. What is the units digit of r?
3
What is the thousands digit of (-521*(-1)/(-3))/((-6)/54)?
1
Let u(g) = -15*g**3 - 5*g**2 - 10*g + 2. What is the units digit of u(-4)?
2
Let k(b) = 7*b**2 + 2*b - 12. What is the units digit of k(-8)?
0
Suppose -58 = i - 3*r, -i - r + 1 = 43. Let d = i - -89. What is the tens digit of d?
4
What is the hundreds digit of 2*2863/(6 + 1)?
8
Let z(h) = 8*h**2 + 10*h - 1. Let k(v) = -9*v - v**2 + 2 - 1 - 6*v**2. Let i(y) =